{"id":21,"date":"2026-03-06T16:30:50","date_gmt":"2026-03-06T16:30:50","guid":{"rendered":"https:\/\/www.lwv.com.br\/?post_type=product&#038;p=21"},"modified":"2026-03-06T19:54:52","modified_gmt":"2026-03-06T19:54:52","slug":"smartwatch-ultra-relogio-inteligente-rl17-49mm-android-ios","status":"publish","type":"product","link":"https:\/\/www.lwv.com.br\/?product=smartwatch-ultra-relogio-inteligente-rl17-49mm-android-ios","title":{"rendered":"Smartwatch Ultra Rel\u00f3gio Inteligente Rl17 49mm Android Ios"},"content":{"rendered":"<p class=\"QN2lPu\">Rel\u00f3gio Smartwatch \u03b1&#8217;GOLD RL-17 \u2013 Seu Companheiro Inteligente para um Estilo de Vida Ativo!<\/p>\n<p class=\"QN2lPu\">Sistema APP: iOS 9.0 e superior, Android 5.0 e superior<\/p>\n<p class=\"QN2lPu\">BT: 5.0<\/p>\n<p class=\"QN2lPu\">TP: Compat\u00edvel com toque \u00fanico e multitoque com capacit\u00e2ncia COB<\/p>\n<p class=\"QN2lPu\">FLASH: 32M<\/p>\n<p class=\"QN2lPu\">Modo de carregamento: Carregamento sem fio magn\u00e9tico<\/p>\n<p class=\"QN2lPu\">LCD: 2,09*<\/p>\n<p class=\"QN2lPu\">Material do rel\u00f3gio: L\u00edga de zinco, pl\u00e1stico, pulseira (silicone), componentes eletr\u00f4nicos<\/p>\n<p class=\"QN2lPu\">Capacidade da bateria: 180mAh<\/p>\n<p class=\"QN2lPu\">Com design moderno e funcionalidades completas, o Smartwatch \u03b1&#8217;GOLD RL-17 \u00e9 perfeito para quem busca performance e estilo. Conta com 20 modos de esportes para acompanhar seu treino, monitorando frequ\u00eancia card\u00edaca, calorias gastas e muito mais. Sua tela oferece diversos rostos de rel\u00f3gio din\u00e2micos e integrados, permitindo que voc\u00ea customize de acordo com seu estilo \u00fanico.<\/p>\n<p class=\"QN2lPu\">Al\u00e9m disso, \u00e9 \u00e0 prova d&#8217;\u00e1gua e respir\u00e1vel, ideal para entusiastas de esportes aqu\u00e1ticos e mergulho. Com a fun\u00e7\u00e3o de intercom de voz, voc\u00ea pode trocar mensagens de voz de forma pr\u00e1tica. O pacote inclui diversos pulseiras e carregamento sem fio, garantindo praticidade e versatilidade.<\/p>\n<p class=\"QN2lPu\">O RL-17 \u00e9 mais do que um rel\u00f3gio; \u00e9 a sua central de atividades, estilo e conectividade, pronto para acompanhar todos os momentos do seu dia!<\/p>\n","protected":false},"excerpt":{"rendered":"<p>Rel\u00f3gio Smartwatch \u03b1&#8217;GOLD RL-17 \u2013 Seu Companheiro Inteligente para um Estilo de Vida Ativo! Sistema APP: iOS 9.0 e superior, Android 5.0 e superior BT: 5.0 TP: Compat\u00edvel com toque \u00fanico e multitoque com capacit\u00e2ncia COB FLASH: 32M Modo de carregamento: Carregamento sem fio magn\u00e9tico LCD: 2,09* Material do rel\u00f3gio: L\u00edga de zinco, pl\u00e1stico, pulseira [&hellip;]<\/p>\n","protected":false},"featured_media":30,"comment_status":"open","ping_status":"closed","template":"","meta":[],"product_brand":[],"product_cat":[17,15],"product_tag":[],"class_list":{"0":"post-21","1":"product","2":"type-product","3":"status-publish","4":"has-post-thumbnail","6":"product_cat-eletronicos","7":"product_cat-todos","8":"product_shipping_class-simples","10":"first","11":"instock","12":"shipping-taxable","13":"purchasable","14":"product-type-variable"},"jetpack_sharing_enabled":true,"_links":{"self":[{"href":"https:\/\/www.lwv.com.br\/index.php?rest_route=\/wp\/v2\/product\/21","targetHints":{"allow":["GET"]}}],"collection":[{"href":"https:\/\/www.lwv.com.br\/index.php?rest_route=\/wp\/v2\/product"}],"about":[{"href":"https:\/\/www.lwv.com.br\/index.php?rest_route=\/wp\/v2\/types\/product"}],"replies":[{"embeddable":true,"href":"https:\/\/www.lwv.com.br\/index.php?rest_route=%2Fwp%2Fv2%2Fcomments&post=21"}],"wp:featuredmedia":[{"embeddable":true,"href":"https:\/\/www.lwv.com.br\/index.php?rest_route=\/wp\/v2\/media\/30"}],"wp:attachment":[{"href":"https:\/\/www.lwv.com.br\/index.php?rest_route=%2Fwp%2Fv2%2Fmedia&parent=21"}],"wp:term":[{"taxonomy":"product_brand","embeddable":true,"href":"https:\/\/www.lwv.com.br\/index.php?rest_route=%2Fwp%2Fv2%2Fproduct_brand&post=21"},{"taxonomy":"product_cat","embeddable":true,"href":"https:\/\/www.lwv.com.br\/index.php?rest_route=%2Fwp%2Fv2%2Fproduct_cat&post=21"},{"taxonomy":"product_tag","embeddable":true,"href":"https:\/\/www.lwv.com.br\/index.php?rest_route=%2Fwp%2Fv2%2Fproduct_tag&post=21"}],"curies":[{"name":"wp","href":"https:\/\/api.w.org\/{rel}","templated":true}]}}